 o(x) = 2*x**2 - 6. Let w be o(-3). Suppose -121*a + w = -117*a. Suppose 5*y - 57 - 393 = 5*g, 0 = a*y + 2*g - 285. What is the units digit of y?
3
Let s(n) be the second derivative of -n**4/24 + 11*n**3/3 - 7*n**2 - 17*n. Let q(p) be the first derivative of s(p). What is the units digit of q(-18)?
0
What is the tens digit of (-651)/(-217) + (-40886)/(-2)?
4
Let o(k) = k + 35. Let w(j) = 2*j + 3. Let x be w(0). Suppose -5*m - x*z = -98, z = 2*m - z - 36. What is the units digit of o(m)?
4
Let c be (-15 - -18)/((-3)/26*-1). What is the units digit of (611/c)/((-1)/(-2))?
7
Let q(w) = -w**2 - 23*w + 15. Let b = -43 + 33. Let o be b*((2 - -2) + -3). What is the hundreds digit of q(o)?
1
Let w(s) = 72*s**3 - 4*s**2 + 7*s. Let x be w(3). Let b = x - 497. What is the thousands digit of b?
1
Let d(r) = -112*r + 799. Let k be d(6). Let b = 56 - 86. Let x = b + k. What is the tens digit of x?
9
Let x be (10/4)/((14/(-4))/7). Let v be 6*1*8/60*x. What is the tens digit of (-1876)/(-21) + v/(-6)?
9
Let b be (-160)/(-200)*5*7. What is the hundreds digit of (-1770)/(-4) + 14/b?
4
Let k = 7 - 5. Let u be 4/20 - (-820)/25 - 5. What is the units digit of k/u*-4 + (-90)/(-21)?
4
Let u = 33 + -33. Let t = -4 + u. What is the tens digit of 2 + t + 73 + -1?
7
Suppose 7*g - 54*g + 766382 = -0*g. What is the tens digit of g?
0
Suppose y - 9*y + 101173 + 93763 = 0. What is the hundreds digit of y?
3
Suppose 270 = -2*n + 4*a, -n - 2*n = a + 398. Let c = n - -80. Let f = c - -54. What is the units digit of f?
1
Let l(t) = -t**2 - 18*t + 12. Let c be l(-21). Let f = 351 + c. What is the hundreds digit of f?
3
Let d(v) = -3*v**2 + 59. Let h = 8 + -8. Let i be d(h). Let k = 32 + i. What is the units digit of k?
1
Let f(n) = -n**2 + 30*n + 66. Let u be f(32). Suppose -77 = -u*j + 187. What is the hundreds digit of j?
1
Let k be (66/(-44))/(1/10). What is the tens digit of 15/(-5)*11*k?
9
Suppose 1053 = -2*i + 5*i. Let m(x) = -41*x - 36. Let u be m(-13). Let a = u - i. What is the tens digit of a?
4
Let s = 1060 - 1672. What is the tens digit of 7 - 7 - -4 - s?
1
Let s(o) = o**3 + 15*o**2 - 6*o - 33. Let w(k) = -k + 16. Let y be w(31). What is the units digit of s(y)?
7
Suppose 18*x = 6146 + 25462. Let w = x - 219. What is the thousands digit of w?
1
Suppose 15*y = 16*y - 5. Suppose -y = -4*m + 7. Suppose -n + 2*o = -m*n + 66, -5*n + 174 = -4*o. What is the tens digit of n?
3
Let i(w) be the first derivative of 10*w**3/3 + w**2/2 - 7*w - 87. What is the tens digit of i(6)?
5
Suppose -4*x - f = 5000, -5*f - 1243 = x - 3*f. Let a = -887 - x. What is the tens digit of a?
6
Let o = -24 - -702. Suppose -q = -5*h - o + 201, -5*h = 0. Suppose b + q = 4*b. What is the hundreds digit of b?
1
Let g(l) = l**3 + 29*l - 13 - 11*l**2 + 20 + 5 - 18*l**2 + 5. What is the units digit of g(28)?
5
Suppose -13 + 7 = -c. Let m be 498/9 + (-2)/c. Suppose -o = -2*o + m. What is the units digit of o?
5
Let q be (-2 - 3)/(-1 - (-6)/8). Suppose 0 = q*f - 6641 + 1841. What is the hundreds digit of f?
2
Let y be (-2 - 32/(-14)) + (-18)/63. Suppose -2*w - 2*n = -830, -5*w + 5*n + 411 + 1674 = y. What is the units digit of w?
6
Suppose -20703 + 76021 = 16*m - 25386. What is the hundreds digit of m?
0
Let s = -7 + 12. Suppose 0 = -4*w - w - 4*z + 1136, -s*w + 1140 = 5*z. Let x = w - 155. What is the tens digit of x?
6
Let i(o) = -2*o**2 + 13. Let f be i(-7). Let z = 162 + f. What is the units digit of z?
7
Let n(y) be the second derivative of 7*y**4/12 + 10*y**3/3 - 201*y**2/2 + 2*y - 26. What is the tens digit of n(7)?
8
Suppose 128*x - 988120 - 293032 = 0. What is the thousands digit of x?
0
Let f = -32 - -29. Let q be (-185)/(-15) - f/(-9). Suppose -973 = -q*c + 5*c. What is the tens digit of c?
3
Let g(d) = 58*d**3 - 15*d**2 + 49*d + 10. What is the thousands digit of g(4)?
3
Suppose -5*y + 9 + 6 = 0, -5*x = -2*y - 174. Suppose -5*q + 3*z = x, 4*q + 7*z - 2*z = -14. Let k(m) = -15*m - 2. What is the tens digit of k(q)?
8
What is the hundreds digit of -34*(3 - -30)*(-10)/(-3)*-5?
7
Let o(d) = 31*d + 56. Let g be 3/9*-3*-11. What is the units digit of o(g)?
7
Suppose 618*y - 667*y + 811783 = 0. What is the tens digit of y?
6
Let g(j) = 16*j - 19*j - 2 - 8. Let o be g(-5). Let x(k) = 15*k - 7. What is the tens digit of x(o)?
6
Let r be (-2 - 0) + 4 + -3. What is the hundreds digit of (-4)/8 - r - 16788/(-24)?
7
Let v = 88 - 90. Let b be 170760/135 + v/(-18). Suppose 11*c - b = 429. What is the tens digit of c?
5
Let n = 9385 - -4543. What is the hundreds digit of n?
9
Suppose 3*a = 5*w - 4, 1 - 9 = -2*w - 2*a. Suppose 2*l - 182 = -w*p - 0*l, -4*p + 350 = -3*l. What is the units digit of p?
9
Let k be 470/(-4) + 0 + 12/(-8). Let w = -83 - k. Suppose w*t + 384 = 38*t. What is the units digit of t?
2
Let s(c) be the second derivative of 16*c**2 - 24*c + 1/20*c**5 + 5/4*c**4 - 1/2*c**3 + 0. What is the units digit of s(-15)?
7
Suppose 65478 = 13*l - l - 95982. What is the thousands digit of l?
3
Let z be 19/114 + 61/(-6). Let n be (11/11)/(1/z). What is the units digit of 4579/95 - (-2)/n?
8
Let v(t) be the second derivative of 1/12*t**4 - t**3 + 0 + 6*t + 6*t**2. What is the tens digit of v(-5)?
6
Suppose -8*v + 25 = -23. Let u be v - 5 - (-4 + 0). Suppose u*q = q + 248. What is the tens digit of q?
6
Let s = 5079 + 7297. What is the ten thousands digit of s?
1
Suppose 0 = 31*x - 37 - 8891. What is the hundreds digit of x?
2
Let c = -83 + 89. Suppose c*i + 5 = 11*i. What is the units digit of (-1 - -29) + 0 + i?
9
Suppose 908*y - 524620 = 840*y. What is the hundreds digit of y?
7
Suppose -1434*c + 1400*c + 294916 = 0. What is the thousands digit of c?
8
Let p(a) = -2*a + 17. Let h be p(7). Let d be ((-108)/(-3))/(h - 2). Suppose -d = -n + 5*i - 1, -5*n = i - 305. What is the tens digit of n?
6
Let j be (-1)/(((-6)/(-20))/(75/(-50))). Suppose 2*l - j*r = 1276, 0*l + 4*r + 3207 = 5*l. What is the units digit of l?
3
Suppose -15*g - 41 = -18*g + 5*y, -y = -4*g + 32. Suppose 0 = 3*h + 2*q - 1674, 3*h - g*h + 3*q + 2249 = 0. What is the units digit of h?
0
Let c be 3/(-1)*(13 + (-2261 - 3)). Suppose 4*h - 17*k - c = -14*k, -5*h + 8447 = 2*k. What is the tens digit of h?
8
Suppose -5*s = -3*s - 5*s. Suppose s = -2*a + 3*d + 317, -3*a - d = 114 - 584. Suppose -3*l + 161 = -a. What is the units digit of l?
6
Let i(w) = -19*w**2 + 45*w + 6. Let f(j) = -j. Let y(s) = -3*f(s) - i(s). What is the units digit of y(5)?
9
Let t = -56 - 25. Let m = t - -81. Suppose w + 0*s - s - 130 = 0, -3*s + 15 = m. What is the hundreds digit of w?
1
What is the units digit of 167926/8 - (-81)/324?
1
Let y be (-23)/(-2) + 4/8. Let i = y + 266. What is the tens digit of i?
7
Suppose -34*z = -25*z + 43*z - 697372. What is the ten thousands digit of z?
1
Suppose 4*d + 2*b = -0*d + 105304, -28 = 7*b. What is the hundreds digit of d?
3
Let v(z) = -7*z**3 + 49*z**2 + 510*z + 1. What is the units digit of v(-9)?
3
Let b(w) = w + 45. Let t be b(-9). Suppose 0 = -2*x + 14*x - t. Let m(c) = 57*c - 31. What is the tens digit of m(x)?
4
Let y(h) = -h**3 - 129*h**2 + 278*h - 1644. What is the units digit of y(-132)?
2
Let r(l) = -2*l - 65. Let v be r(-29). Let g(o) = o - 9. Let p(u) = 1. Let x(f) = -g(f) - 6*p(f). What is the units digit of x(v)?
0
Suppose 4*y = -3*q - 0*q + 15, 3*q = y + 30. Suppose 1673 = -q*i + 6236. What is the tens digit of i?
0
Let z = -18984 - -30512. What is the tens digit of z?
2
Let y = -4 + -1. Let i be 240/(-18)*42/y. Suppose 0 = g - i - 81. What is the hundreds digit of g?
1
Let p be (21 - -11) + (0/1)/2. What is the units digit of ((-4)/(p/(-1354)))/(1/12)?
1
Let i(o) = o**2 - 11*o - 29. Let q be i(13). Let k(n) = 2*n + 56. What is the tens digit of k(q)?
5
Suppose -2*b = -3*a + 21578, b = 5*a - 17298 - 18663. What is the thousands digit of a?
7
Let h(j) = 15*j - 11. Suppose 4*l + 5*o - 8 = 0, 0*o = -2*l + 4*o + 4. Suppose -l*k + 15 - 5 = 0. What is the tens digit of h(k)?
6
Let v = 109 + 170. Suppose y + 4*b = v, 0*y - 5*y = -4*b - 1515. What is the hundreds digit of y?
2
Let b(a) = -4*a**2 + 8*a - 26. Let r(j) = -j**2 - j + 3. Let y(m) = -b(m) + 2*r(m). What is the hundreds digit of y(23)?
8
Suppose 0 = 2*i + 3*r - 9411, -3*i + 189*r - 190*r = -14106. What is the units digit of i?
1
Suppose -10*m - 2*l - 20 = 